*j(r). Suppose -3 = 4*c - c. Determine i(c).
-4
Let x(b) = 5*b + 6. Let t(g) = 2*g + 2. Let u(k) = 17*t(k) - 6*x(k). Let n = 11 + -8. Calculate u(n).
10
Let m(x) be the second derivative of x**4/12 + x**3/3 - 3*x**2/2 - 9*x. What is m(-4)?
5
Suppose -20 = -5*z - 5*l, -z + 5*l = -0*z + 8. Let u(j) be the first derivative of -1/2*j**z - 6*j + 2. Calculate u(-6).
0
Let c(k) be the second derivative of -1/12*k**4 + 0 + 1/2*k**2 - 7/6*k**3 - 4*k. What is c(-6)?
7
Let d(n) = 0*n + 10 - 2*n + 4*n - 3*n. Calculate d(-7).
17
Let a be 2/9 - 125/(-45). Let b(o) = -10*o**a - 4*o**2 - 5*o - 2*o + 7 + 11*o**3. Let f be (2 - 4)/((-4)/10). Calculate b(f).
-3
Let g(d) = d**3 + 8*d**2 - 10*d - 1. Suppose -8*q = -18*q - 90. What is g(q)?
8
Let f(k) = k**3 - 10*k**2 + 10*k - 12. Let r = -2 - -11. Calculate f(r).
-3
Let g(x) be the second derivative of -x**3/6 + x**2 + 6*x. What is g(2)?
0
Let h(j) = -37*j**2 + 40*j**2 - 2*j**3 + j**3 + 2*j. Suppose 0 = -3*n + g + 4, 0 = -n - 5*g + 15 + 13. Calculate h(n).
6
Let o(u) be the second derivative of -u**3/6 - 3*u**2/2 + 10*u. Calculate o(0).
-3
Let p(v) = -3 - 2*v + 3*v - 1. Let n be -1 - (-2 - (-3 - -5)). Give p(n).
-1
Let k(b) = -2*b**2 + 17*b - 4. Let p(v) = -v**2 + 8*v - 2. Let r(y) = -3*k(y) + 7*p(y). What is r(5)?
-2
Suppose -3*x + 24 = 4*p - 7*p, -5*p = x + 16. Let m(f) = 2*f**2 - 5*f + 6. Give m(x).
18
Let n(z) = -4*z**3 + z - 1. Let k = 9 + -8. What is n(k)?
-4
Suppose -16*p + 24 = -10*p. Let d(v) be the second derivative of 1/2*v**2 + 0 - 1/6*v**3 - 7/12*v**p - 3*v. Give d(1).
-7
Let x(i) be the third derivative of -i**6/20 + i**4/24 - i**3/6 + i**2. Let v be (4/6)/(-2)*-3. What is x(v)?
-6
Let c(o) = -o + 12. Let p be c(0). Suppose -4*n + 0*n = -p. Let v(z) = z**3 - 4*z**2 + 4. Determine v(n).
-5
Let l(g) be the third derivative of -g**6/120 - g**5/15 - g**4/12 - g**3/6 + 22*g**2. Determine l(-4).
7
Let m(y) be the second derivative of y**7/2520 + y**6/360 - y**5/60 + 7*y**4/12 - 2*y. Let t(u) be the third derivative of m(u). Determine t(-5).
13
Let a(x) = -x**2 + 6*x + 5. Let f(v) = -2*v**2 + 13*v + 10. Let k(w) = -7*a(w) + 3*f(w). Give k(5).
5
Let a(l) = -l**3 - 8*l**2 - 7*l - 4. Let g be a(-7). Let h be 6/g + (-18)/(-4). Let u(t) = 0*t - 2*t + h*t. Determine u(2).
2
Let z(i) = -i + 2. Suppose -4*k - 795 = -799. Calculate z(k).
1
Let a(z) = 5 + 12*z - 24*z - 5*z**2 - z**3 + 13*z. Give a(-5).
0
Let k = -13 - -16. Let w(n) = -n**2 + 3*n. Give w(k).
0
Let v(p) = 3*p - 6. Let c be v(0). Let g(o) = -o**2 - 4*o + 7. Calculate g(c).
-5
Suppose 0 = q - 8 + 3. Suppose 1 = c - 2*l + q, -4 = -2*c - 2*l. Let t(r) = 82*r**2 + r - 1 - 81*r**2 + 3. What is t(c)?
2
Let w = 4 - 2. Let j(l) be the third derivative of 3*l**2 + 1/30*l**5 - 1/120*l**6 + 0 + 0*l + 1/3*l**3 + 0*l**4. Determine j(w).
2
Suppose -z - 7 = -9. Let o(q) = -q**z + q - 70 + 0*q + 72. What is o(4)?
-10
Let i(l) = -l**2 + 2*l + 1. Let f be i(2). Let d(o) be the first derivative of o + 0*o**3 + 0*o**2 - 1/4*o**4 - f. What is d(2)?
-7
Let c(k) be the third derivative of -k**4/24 - k**3/2 - 8*k**2. Calculate c(0).
-3
Let x(z) = -z + 8. Suppose 3*c = -c + 16. Let v be x(c). Let s(r) = -3*r - 5. Let p(o) = o + 3. Let l(b) = 5*p(b) + 2*s(b). Determine l(v).
1
Let v(a) = 7*a + 4. Let i(m) = -20*m - 11. Let o be (-2)/(-5)*15/1. Let j = -14 + 31. Let t(n) = j*v(n) + o*i(n). What is t(1)?
1
Let q(k) = k**2 - 10*k + 8. Let s(r) = -r + 1. Let v(x) = -q(x) + 5*s(x). Determine v(2).
3
Let f(w) = 6*w**2 - w - 1. Let m(z) = z**3 - 12*z**2 + z - 10. Let u be m(12). Determine f(u).
21
Let y(w) = -13*w - 11. Let z(r) = 2. Let j(b) = y(b) + 6*z(b). Determine j(-1).
14
Let f be 9/4*(-8)/3. Let o(m) = -m**3 - 7*m**2 - 6*m + 4. Let q be o(f). Suppose q*x - 4 = 3*x. Let w(r) = -r**2 + 5*r - 1. Determine w(x).
3
Let r(c) = 2*c - 5*c + 5*c - 4*c - 3. What is r(-4)?
5
Let a(y) = -y - 5. Suppose -9*v - 14 = -14. Determine a(v).
-5
Let k(y) be the first derivative of -y**4/4 + 2*y**3/3 + y**2 + 4*y + 11. Determine k(3).
1
Let g = -9 + 3. Let j be 10/3*g/5. Let r(f) be the third derivative of f**6/120 + f**5/12 + 5*f**4/24 - f**3/3 + 2*f**2. Determine r(j).
-6
Let h(y) be the first derivative of -y**3/3 - y**2 + y - 15. Determine h(1).
-2
Let i(b) be the first derivative of 3*b**2/2 - 5*b + 1. Let w = 0 - -4. Give i(w).
7
Let c(s) = 12*s**2 + 2*s - 1. Let v(q) = -q**2 + 8*q. Let x be v(7). Suppose 2 = -5*f + x. What is c(f)?
13
Let j(m) = -m**2 - 2*m - 1. Let q(t) be the third derivative of -t**5/60 - t**4/24 + t**3/6 + 3*t**2. Let f be q(-2). Calculate j(f).
0
Let s(l) = -2*l**2 + 3*l**2 - 2*l**2 - 4 + 5*l. Let k be 172/(-16) - 9/(-12). Let c be (k/2*1)/(-1). Calculate s(c).
-4
Let m(j) = j**3 - j**2 - 1. Suppose -u + 2*x = -0 - 9, -2*x = -2*u + 12. Suppose h + 4 + 1 = 5*c, u*c - 3*h = -9. Let l be c/(-5) - (-7)/5. Determine m(l).
-1
Suppose 2*v = -6, 4*f + 6*v - 7 = 3*v. Suppose f*b - 15 = 5. Let n(i) = -b*i - i**2 + i**2 + i**2 + 5. Give n(5).
5
Suppose -10 = 4*c - 2*p, 4 + 11 = -5*c + 5*p. Let r(s) = -s + 1. Calculate r(c).
3
Let p = 4 + -2. Let j = p - 1. Let y(i) = -1. Let a(t) = -t. Let l(k) = j*y(k) - a(k). Give l(-5).
-6
Let v(j) be the first derivative of -j**4/4 - 7*j**3/3 - 3*j**2 + 2*j - 1. Let t(h) = -4*h + 14. Let z be t(5). Calculate v(z).
2
Let s be ((-2)/(-5))/((-11)/110). Let a(j) = -j**2 - 7*j - 5. Give a(s).
7
Let l(k) = 0 - 2*k**2 + 17*k + 2 + 4*k**2. Let v(h) = h**2 + 8*h + 1. Suppose 0 = 6*d - d + 45. Let a(r) = d*v(r) + 4*l(r). Calculate a(-4).
-1
Let u = 798 - 796. Let i(r) = 1 - 4*r - 3 + 7. Let w(s) = 5*s - 6. Let v(p) = -4*i(p) - 3*w(p). Calculate v(u).
0
Let s(t) be the first derivative of -11*t**3/3 - 11. What is s(-1)?
-11
Suppose 4*l - 15 = l. Let v(j) = -2*j**3 + 2*j**2 + j. Let w be v(-1). Let s(q) = -4 - q**2 + q + 7*q**3 - 6*q**w - 4*q - 3*q**2. Give s(l).
6
Let j(c) = -c. Let n be (-1 + 0)*0*-1. Determine j(n).
0
Let w(b) be the third derivative of b**5/60 - 7*b**4/24 - 5*b**3/6 - 5*b**2. What is w(8)?
3
Let h(s) = -2*s**3 + 0 - 1 - s - 5*s**3 + 0. Calculate h(-1).
7
Let o(b) be the third derivative of -b**5/20 + b**4/12 - b**3/2 - 12*b**2. Give o(2).
-11
Let g(f) = f**2 + f. Let j(z) = -z - 3. Let o(c) = 2*g(c) + j(c). Give o(-3).
12
Suppose 221*i + 4*j = 216*i + 18, i - 12 = -5*j. Suppose 0 = 3*o - 3 - 3. Let c(s) = 1 - 1 + 2*s - s**o + 1. Determine c(i).
1
Let m(f) = f**3 + f + 4*f**2 - 4*f**2 - 3*f**2 + 3. Suppose 12*w = 11*w - 1. Let u(q) = -q**2 + q + 1. Let x(t) = w*m(t) + u(t). Determine x(2).
-2
Let v(j) = -j**3 - 5*j**2 - 4*j - 2. Suppose 4 = 2*b - 4. Let h = -16 - -14. Let y be h*1/2*b. What is v(y)?
-2
Suppose 5*i = -o + 2*o - 7, 5*o - 11 = i. Let p(c) = -c**o - c - c - c**2. Let y = 34 - 36. Determine p(y).
-4
Let g(u) = u**3 + 3*u**2 + 3*u + 2. Suppose 4*f = -30 + 18. Give g(f).
-7
Let m = 2 - -1. Let z(l) = -3 + 4 - l**3 - 2*l**2 + 0*l**m. Let f = 0 - 2. Give z(f).
1
Let o(a) be the first derivative of -a**3/3 - 9*a**2/2 - 8*a + 31. Determine o(-7).
6
Let v(x) be the third derivative of -x**7/840 - x**6/90 + x**5/40 + x**4/8 - x**3/6 - x**2. Let i(s) be the first derivative of v(s). Determine i(-4).
-9
Let b = 6 + -1. Let r(q) be the third derivative of 0*q - 1/60*q**b + q**2 + 0 + 5/24*q**4 + q**3. Determine r(5).
6
Let t be 2/(-4)*9/15*-5. Let c(g) be the second derivative of 0 - 1/4*g**4 - t*g**2 + 2/3*g**3 - g + 1/20*g**5. Determine c(2).
1
Suppose 0 = 8*k - 11 - 13. Let p(x) be the first derivative of 1/3*x**3 - 3 - k*x + 2*x**2. What is p(-5)?
2
Let z(f) = 1. Let u(r) = r + 1. Let c(s) = -u(s) - 2*z(s). What is c(-7)?
4
Let d(z) = -2*z**2 - 5*z - 3. Let x be 3/(-2*(-3)/(-6)). Give d(x).
-6
Let r be 2/(14/(-6) + 3). Let y be (1 - r) + 0 + -1. Let a(b) = -b**3 - 4*b**2 + 2*b + 4. What is a(y)?
-11
Let z be (2/(-2 - 2))/((-2)/(-20)). Let w(t) = 4 + 4*t - 2*t + 0*t. What is w(z)?
-6
Let d(p) = p + 1. Let o(f) be the third derivative of f**4/24 + f**3/2 - f**2. Let l be o(0). Suppose 0 = -l*q + 5*y + 10, -y = 4*q + y + 30. What is d(q)?
-4
Suppose 8*q - 2 = 10*q. Let h(d) = -8*d + 7. Let n(x) = x - 1. Let k(w) = q*h(w) - 4*n(w). Give k(3).
9
Let l(n) = n**3 - 1. Let d(a) = 14*a**3 - a - 4. Let q(g) = d(g) - 4*l(g). Calculate q(1).
9
Let j(m) = -5*m - 6. Let r(h) = -11*h - 13. Let u(p) = 9*j(p) - 4*r(p). Suppose 4*z + 18 = -10.